e number?
False
Suppose -569 - 2725 = 9*x. Is ((-2581)/7 + -1)/(x/1281) a composite number?
True
Let o(t) = -t**3 - 10*t**2 - 8*t + 11. Let j = 3 + -12. Let v be o(j). Suppose -v*h - 9833 = -4*y - 3*h, 0 = y - h - 2462. Is y composite?
False
Let s be (3 + 35/(-10))*0. Suppose s*y = -4*y + 16976. Suppose 2*l + 0*l = 0, 3*l - y = -4*c. Is c a composite number?
False
Let y(d) be the first derivative of 2*d**4 - 2*d**3/3 - d**2/2 + 4*d - 8. Let i be y(2). Suppose -4*s + 732 = -z + i, 5*z = -3*s + 517. Is s a prime number?
False
Let c(d) = -561*d - 3. Let o be c(5). Let k = -76 - 1335. Let i = k - o. Is i a composite number?
True
Suppose -2*n = 4*k, -5*n + 4*k + 28 = -0*n. Suppose -i = i - n*i. Suppose 3*m + 4*b - 4099 = i, 3*m + 0*b - 5*b - 4063 = 0. Is m a prime number?
True
Suppose 34*p = -0*p - 270*p + 627152. Is p a composite number?
False
Let l(y) be the third derivative of -y**5/60 - 7*y**4/24 - 2*y**3 + 5*y**2. Let m be l(-9). Is 8/m*-7098 + 1/5 a prime number?
False
Let w be ((-3468)/170)/((-1)/1165). Let u = w - 16645. Is u a composite number?
False
Is 217286 - -3*7/(-3)*-1 composite?
True
Let l = -27 - -28. Let b be ((-6)/5)/((-2)/5). Suppose -b*r - 2*w + 637 = 0, -w - l = -3. Is r a prime number?
True
Suppose 134017 + 181216 = 43*v. Is v composite?
False
Let t(x) = -x**3 - 2*x**2 + 23*x + 3. Let u be t(4). Is (u*(-1)/2)/((-37)/(-125282)) prime?
True
Let n(h) = 153*h**2 + 25*h - 74. Let u be n(13). Suppose -24*r = -9340 - u. Is r a prime number?
False
Let t(w) = 8*w. Let h(n) = -40*n - 1. Let o(u) = -2*h(u) - 11*t(u). Let q be o(1). Let z(i) = 21*i**2 - 3*i + 7. Is z(q) composite?
True
Let d(q) = q**3 - 8*q**2 - 9*q + 5. Let o be d(9). Suppose -o*z + 15 = 0, r + 3 = -0*r - z. Is (-4)/12 + (-1916)/r composite?
True
Suppose 4*h - 3*k = 1352342 - 50637, 2*h + 4*k = 650814. Is h a composite number?
False
Suppose -4*d = 81*i - 86*i - 814319, 0 = i - 9. Is d prime?
True
Let x(g) = -61824*g - 3247. Is x(-16) a prime number?
True
Let p(o) = o**3 - 2*o**2 + 6*o - 11. Let w be p(9). Let x = -311 + w. Suppose q - 47 = 3*u, -4*q - 5*u + x = 43. Is q composite?
False
Let n = -56901 + 230378. Is n prime?
False
Let t(a) = -a**3 + 32*a**2 - 27*a + 13. Let g be 28 + (46/115)/((-2)/20). Is t(g) prime?
False
Is (-145)/(-25) + -5 + 2124684/20 composite?
True
Is ((-1608628)/70)/(2 - 36/15) prime?
False
Let w(v) = v**3 - 3*v**2 + 3*v - 1. Let t be w(2). Let x = 1 - t. Suppose x = 2*q - 3*d - 718, 9*d + 1813 = 5*q + 6*d. Is q a prime number?
False
Suppose 3*v - 5238322 = -5*m, -11*m + 6*m - 5*v + 5238320 = 0. Is m a composite number?
True
Let i be (450/12)/5*(45499 - 1). Suppose -19*a + 10*a = -i. Is a composite?
True
Let f(u) be the second derivative of -u**8/480 - u**6/120 - u**5/24 - 19*u**4/12 - 28*u. Let w(h) be the third derivative of f(h). Is w(-3) a prime number?
False
Let h(u) = 228*u + 130. Let l be h(-3). Suppose -v + 2*v = 909. Let o = l + v. Is o a composite number?
True
Let u = -45 + 30. Let s be (-2)/5 - 6/u. Suppose -h + 1092 = -f - 288, f - 5 = s. Is h a prime number?
False
Let k(n) be the third derivative of n**6/120 - n**5/30 - n**4/6 - 13*n**3/3 + 3*n**2. Let y be k(14). Let z = -1153 + y. Is z composite?
False
Let s be (55*8)/(-7 + (-522)/(-74)). Suppose 6*z = 26*z - s. Is z composite?
True
Suppose -5*s = -2*t - 23, 3*s + t + 7 = 4*s. Suppose 4*q + 9*g = 7*g + 23112, -q - s*g = -5773. Is q a composite number?
False
Let x = -93 - -131. Suppose 44*v - x*v = 4458. Is v prime?
True
Suppose d + 3*d = -8. Is (-4 + (-84)/(-18))/(d/(-13773)) composite?
False
Let j = -97 - 232. Let n = -202 - j. Is n a composite number?
False
Suppose -2*y - 3*f + 35354 = 0, -4*f = 5*y - 8*f - 88339. Suppose 4*x = -2*b + 20611 + y, 38267 = 4*x - 3*b. Is x a prime number?
False
Suppose 0 = 5*q - 4*w + 29077, -8*w + 7*w + 17449 = -3*q. Let f = -4000 - q. Is f composite?
True
Let g(d) = -146*d + 52. Let m be g(5). Is 1 - 2 - m*(1 - 0) a prime number?
True
Let c(z) = -5*z - 33. Let t be c(-7). Suppose -2*s + 5443 = 5*u, 4*u + t*s + s = 4360. Is u composite?
False
Let v = 3042080 - 960813. Is v composite?
False
Let i(y) = -2*y**2 + 5*y - 15. Let z be i(7). Let b = 75 + z. Is (3163/b)/((-2)/6) prime?
True
Let h = -179 - -179. Is (-2)/6 + h - (-561)/9 composite?
True
Let j(x) be the first derivative of 2*x**3 - 13*x**2/2 - 37*x + 27. Is j(-6) a prime number?
True
Let p(x) = -x**2 + 6*x - 4. Let m be p(4). Suppose 4*s + 4*r - 16 = 0, -r - 12 + 26 = 3*s. Suppose m*d + 233 = j, 1915 = s*j + 5*d + 625. Is j composite?
True
Let i(p) = 24*p + 392. Let s be i(-13). Is ((-21678)/12)/((-8)/s) a prime number?
False
Let u(x) = 1045443*x**2 + 12*x - 10. Is u(1) a composite number?
True
Suppose -178*q = 290651 - 5249197. Is q composite?
True
Let a be (-22)/(-176) + 2/((-32)/(-478)). Let g = a + -28. Is g*(-3)/6 - 356*-9 a composite number?
False
Let w(u) = -722*u + 1987. Is w(-53) a prime number?
True
Let w(c) be the third derivative of c**6/120 - 19*c**5/60 - 3*c**4/8 - 35*c**3/6 + 8*c**2 - 3*c. Is w(22) composite?
True
Let h = -2276 - -31225. Is h composite?
False
Suppose -2*j + 5*g - 1455 + 8738 = 0, -3*g = -5*j + 18236. Is j composite?
True
Let m be 4*4/16*-3. Let u = 3 + m. Suppose 4*l + 3743 - 17715 = u. Is l a composite number?
True
Suppose 4*i = 5*n + 74729, -30*i + 25*i + 4*n + 93409 = 0. Is -4 - 0 - (-66 - i) a prime number?
True
Let d(n) = 3457*n + 27. Let a(s) = s**2 + 6*s - 25. Let h be a(-9). Is d(h) a prime number?
False
Suppose -2*a + 5*h - 18 = 9*h, 3*a = 3*h. Let q be (-4036)/(-48)*a*12. Is (4/6)/((-2)/q) a composite number?
False
Let v be (4/(-3))/(1/(-3)). Suppose q + v*k - 8949 = 0, -8*q = -12*q - 4*k + 35748. Is q composite?
False
Let t(c) = 22*c**2 - 2*c - 7. Suppose -2*z - 55 = -0*z - 3*o, -2*z - 50 = -4*o. Let k = z - -31. Is t(k) a prime number?
True
Let f = -3 + 6. Suppose -j = -19*o + 20*o - 7621, -3*o + 3*j + 22881 = 0. Suppose f*g = 11*g - o. Is g a prime number?
True
Suppose 5*a - 806015 - 268925 = 219265. Is a prime?
False
Is 1/((-18085569)/(-1130347) - 16) a prime number?
True
Let q be (-4)/(-3)*37464/112. Let w = q - -1331. Is w a composite number?
False
Let g(k) = 3*k**2 + 12*k + 4. Let p be -9 + 3/((-6)/(-8)). Let u be g(p). Is 19/u + (-572)/(-2) prime?
False
Is 45 + 1862/(-42) + 1293571/3 a composite number?
False
Suppose 48*g + 16806325 = 143*g + 90*g. Is g prime?
False
Suppose 0 = -19*i + 21 - 116. Let m(u) = -u**3 + 21*u**2 + 3*u - 2. Let f(g) = -g**3 + 11*g**2 + g - 1. Let n(k) = 5*f(k) - 3*m(k). Is n(i) a composite number?
False
Let g be -2*3022*75/(-60). Suppose 3*l - 7*l + 10072 = -f, 3*l - f - g = 0. Is l a prime number?
False
Let v(p) = -3*p + 7. Let t be v(-13). Let d = t - 46. Suppose 3*g - 2*g - 4*u - 307 = 0, -4*u + 12 = d. Is g composite?
True
Suppose 3*s - 4*s = -5. Suppose 16 = s*p + v + 3*v, 8 = p + 2*v. Suppose -3*z + 15*z - 8292 = p. Is z a prime number?
True
Let x be (-1 + 6/4)*-4. Let t(m) = -201*m**3 - 3*m**2 - 5*m - 9. Is t(x) a composite number?
False
Let s(j) = 20*j**3 + 18*j**2 + 118*j + 31. Let h be s(21). Suppose -45*m + h = 30922. Is m composite?
True
Let x be 24/(-9) + 2*(-2)/12. Let r be (1 - (-3)/15)*-5. Is (-1985)/(-10) + x/r prime?
True
Let h = 106 - 50. Let v = -101 + h. Let o = -2 - v. Is o composite?
False
Suppose -4*s - 5*h = 25, 2*s - 3*s = 5*h + 10. Let o(c) = -111*c - 38. Let k(z) = z + 1. Let b(d) = 4*k(d) + o(d). Is b(s) a composite number?
True
Let z = -415 - -422. Is (2 + z*-648)*21/(-6) a prime number?
False
Suppose 2*h - 7*h + 138690 = 0. Suppose 0 = -10*y + 24152 + h. Is y a composite number?
False
Let f = 1799 + -966. Let t = -411 - 93. Let h = f + t. Is h a composite number?
True
Suppose 3*u = -q + 14, 4*u - 46 = -5*q - 9. Suppose 5*o = 3*n + 35468, -n + q*n = -4. Is o a prime number?
False
Suppose -10*j - 1 = -11*j. Let v(i) = -5 + 2 - j + 161*i - 6. Is v(9) composite?
False
Let w(z) = z + 221. Let l be w(0). Let o(v) = -69*v - 415. Let u be o(-6). Is 1 + l + 2 + u composite?
False
Let o be ((-34)/3)/((-9)/(-27)). Let i = o + 56. Suppose 0 = i*n - 17*n - 17165. Is n a composite number?
False
Let f be (5/(-10))/(-3 + 7358/2452). Let i = 1496 + f. Suppose 0 = b - 0*b - i. Is b a composite number?
False
Let g = -196 - -507. Suppose 309*r + 1358 = g*r. Is r a prime number?
False
Let p = 450 + -434.